{"id":131,"date":"2022-08-13T16:12:23","date_gmt":"2022-08-13T14:12:23","guid":{"rendered":"https:\/\/fermedes4chemins.be\/?page_id=131"},"modified":"2022-08-15T13:58:46","modified_gmt":"2022-08-15T11:58:46","slug":"le-blanc-bleu-belge","status":"publish","type":"page","link":"https:\/\/fermedes4chemins.be\/?page_id=131","title":{"rendered":"Le Blanc Bleu Belge"},"content":{"rendered":"\n<div class=\"wp-block-media-text alignwide is-stacked-on-mobile\" style=\"grid-template-columns:28% auto\"><figure class=\"wp-block-media-text__media\"><img loading=\"lazy\" decoding=\"async\" width=\"1024\" height=\"768\" src=\"https:\/\/fermedes4chemins.be\/wp-content\/uploads\/2022\/08\/IMG_0169-1024x768.jpg\" alt=\"\" class=\"wp-image-193 size-full\" srcset=\"https:\/\/fermedes4chemins.be\/wp-content\/uploads\/2022\/08\/IMG_0169-1024x768.jpg 1024w, https:\/\/fermedes4chemins.be\/wp-content\/uploads\/2022\/08\/IMG_0169-300x225.jpg 300w, https:\/\/fermedes4chemins.be\/wp-content\/uploads\/2022\/08\/IMG_0169-768x576.jpg 768w, https:\/\/fermedes4chemins.be\/wp-content\/uploads\/2022\/08\/IMG_0169-1536x1152.jpg 1536w, https:\/\/fermedes4chemins.be\/wp-content\/uploads\/2022\/08\/IMG_0169-2048x1536.jpg 2048w, https:\/\/fermedes4chemins.be\/wp-content\/uploads\/2022\/08\/IMG_0169-1160x870.jpg 1160w\" sizes=\"auto, (max-width: 1024px) 100vw, 1024px\" \/><\/figure><div class=\"wp-block-media-text__content\">\n<p>Race originaire de notre r\u00e9gion r\u00e9sultant d\u2019un travail de s\u00e9lection important vers la production de viande. Je conserve une partie de mon cheptel dans cette race car elle produit une viande maigre, tendre et le rendement carcasse est \u00e9lev\u00e9.<br>Toutefois c\u2019est une race plus fragile n\u00e9cessitant davantage l\u2019intervention humaine. C\u2019est l\u00e0 la raison qui me pousse \u00e0 ne pas la commercialiser au d\u00e9tail.<\/p>\n<\/div><\/div>\n","protected":false},"excerpt":{"rendered":"<p>Race originaire de notre r\u00e9gion r\u00e9sultant d\u2019un travail de s\u00e9lection important vers la production de viande. Je conserve une partie de mon cheptel dans cette race car elle produit une viande maigre, tendre et le rendement carcasse est \u00e9lev\u00e9.Toutefois c\u2019est une race plus fragile n\u00e9cessitant davantage l\u2019intervention humaine. C\u2019est l\u00e0 la raison qui me pousse \u00e0 ne pas la commercialiser au d\u00e9tail.<\/p>\n","protected":false},"author":1,"featured_media":0,"parent":0,"menu_order":0,"comment_status":"closed","ping_status":"closed","template":"","meta":{"footnotes":""},"class_list":["post-131","page","type-page","status-publish","hentry"],"acf":[],"_links":{"self":[{"href":"https:\/\/fermedes4chemins.be\/index.php?rest_route=\/wp\/v2\/pages\/131","targetHints":{"allow":["GET"]}}],"collection":[{"href":"https:\/\/fermedes4chemins.be\/index.php?rest_route=\/wp\/v2\/pages"}],"about":[{"href":"https:\/\/fermedes4chemins.be\/index.php?rest_route=\/wp\/v2\/types\/page"}],"author":[{"embeddable":true,"href":"https:\/\/fermedes4chemins.be\/index.php?rest_route=\/wp\/v2\/users\/1"}],"replies":[{"embeddable":true,"href":"https:\/\/fermedes4chemins.be\/index.php?rest_route=%2Fwp%2Fv2%2Fcomments&post=131"}],"version-history":[{"count":2,"href":"https:\/\/fermedes4chemins.be\/index.php?rest_route=\/wp\/v2\/pages\/131\/revisions"}],"predecessor-version":[{"id":194,"href":"https:\/\/fermedes4chemins.be\/index.php?rest_route=\/wp\/v2\/pages\/131\/revisions\/194"}],"wp:attachment":[{"href":"https:\/\/fermedes4chemins.be\/index.php?rest_route=%2Fwp%2Fv2%2Fmedia&parent=131"}],"curies":[{"name":"wp","href":"https:\/\/api.w.org\/{rel}","templated":true}]}}